{"id":289,"date":"2023-07-31T13:51:55","date_gmt":"2023-07-31T11:51:55","guid":{"rendered":"http:\/\/mindef.gov.cm\/anciens-combattants\/?page_id=289"},"modified":"2023-11-08T05:22:24","modified_gmt":"2023-11-08T04:22:24","slug":"organisation","status":"publish","type":"page","link":"https:\/\/mindef.gov.cm\/anciens-combattants\/organisation\/","title":{"rendered":"organisation"},"content":{"rendered":"\t\t<div data-elementor-type=\"wp-page\" data-elementor-id=\"289\" class=\"elementor elementor-289\" data-elementor-post-type=\"page\">\n\t\t\t\t\t\t<section class=\"elementor-section elementor-top-section elementor-element elementor-element-493e319 elementor-section-boxed elementor-section-height-default elementor-section-height-default\" data-id=\"493e319\" data-element_type=\"section\" data-settings=\"{&quot;background_background&quot;:&quot;classic&quot;}\">\n\t\t\t\t\t\t<div class=\"elementor-container elementor-column-gap-default\">\n\t\t\t\t\t<div class=\"elementor-column elementor-col-100 elementor-top-column elementor-element elementor-element-f0df081\" data-id=\"f0df081\" data-element_type=\"column\">\n\t\t\t<div class=\"elementor-widget-wrap elementor-element-populated\">\n\t\t\t\t\t\t<div class=\"elementor-element elementor-element-9784607 elementor-widget elementor-widget-spacer\" data-id=\"9784607\" data-element_type=\"widget\" data-widget_type=\"spacer.default\">\n\t\t\t\t<div class=\"elementor-widget-container\">\n\t\t\t\t\t<div class=\"elementor-spacer\">\n\t\t\t<div class=\"elementor-spacer-inner\"><\/div>\n\t\t<\/div>\n\t\t\t\t<\/div>\n\t\t\t\t<\/div>\n\t\t\t\t<div class=\"elementor-element elementor-element-907ba8d elementor-widget elementor-widget-heading\" data-id=\"907ba8d\" data-element_type=\"widget\" data-widget_type=\"heading.default\">\n\t\t\t\t<div class=\"elementor-widget-container\">\n\t\t\t<h2 class=\"elementor-heading-title elementor-size-default\">Organisation<\/h2>\t\t<\/div>\n\t\t\t\t<\/div>\n\t\t\t\t\t<\/div>\n\t\t<\/div>\n\t\t\t\t\t<\/div>\n\t\t<\/section>\n\t\t\t\t<section class=\"elementor-section elementor-top-section elementor-element elementor-element-a4adb21 elementor-section-boxed elementor-section-height-default elementor-section-height-default\" data-id=\"a4adb21\" data-element_type=\"section\" data-settings=\"{&quot;background_background&quot;:&quot;classic&quot;}\">\n\t\t\t\t\t\t<div class=\"elementor-container elementor-column-gap-default\">\n\t\t\t\t\t<div class=\"elementor-column elementor-col-100 elementor-top-column elementor-element elementor-element-afd4cdc\" data-id=\"afd4cdc\" data-element_type=\"column\">\n\t\t\t<div class=\"elementor-widget-wrap elementor-element-populated\">\n\t\t\t\t\t\t<div class=\"elementor-element elementor-element-47b5dbf elementor-widget elementor-widget-text-editor\" data-id=\"47b5dbf\" data-element_type=\"widget\" data-widget_type=\"text-editor.default\">\n\t\t\t\t<div class=\"elementor-widget-container\">\n\t\t\t\t\t\t\t<p>Pour mener \u00e0 bien les missions \u00e0 lui confi\u00e9es par la tr\u00e8s haute hi\u00e9rarchie, le <strong>SED\/CACVG<\/strong> est organis\u00e9 en Services Centraux et Services Ext\u00e9rieurs. Conf\u00e8re D\u00e9cret sus \u00e9voqu\u00e9 <strong>(Art 4 \u00e0 27<\/strong>).<\/p>\t\t\t\t\t\t<\/div>\n\t\t\t\t<\/div>\n\t\t\t\t<div class=\"elementor-element elementor-element-7f736d9 elementor-widget elementor-widget-spacer\" data-id=\"7f736d9\" data-element_type=\"widget\" data-widget_type=\"spacer.default\">\n\t\t\t\t<div class=\"elementor-widget-container\">\n\t\t\t\t\t<div class=\"elementor-spacer\">\n\t\t\t<div class=\"elementor-spacer-inner\"><\/div>\n\t\t<\/div>\n\t\t\t\t<\/div>\n\t\t\t\t<\/div>\n\t\t\t\t\t<\/div>\n\t\t<\/div>\n\t\t\t\t\t<\/div>\n\t\t<\/section>\n\t\t\t\t<section class=\"elementor-section elementor-top-section elementor-element elementor-element-3d2507a elementor-section-boxed elementor-section-height-default elementor-section-height-default\" data-id=\"3d2507a\" data-element_type=\"section\" data-settings=\"{&quot;background_background&quot;:&quot;classic&quot;}\">\n\t\t\t\t\t\t<div class=\"elementor-container elementor-column-gap-default\">\n\t\t\t\t\t<div class=\"elementor-column elementor-col-100 elementor-top-column elementor-element elementor-element-e5c355b\" data-id=\"e5c355b\" data-element_type=\"column\">\n\t\t\t<div class=\"elementor-widget-wrap elementor-element-populated\">\n\t\t\t\t\t\t<div class=\"elementor-element elementor-element-89586aa elementor-widget elementor-widget-spacer\" data-id=\"89586aa\" data-element_type=\"widget\" data-widget_type=\"spacer.default\">\n\t\t\t\t<div class=\"elementor-widget-container\">\n\t\t\t\t\t<div class=\"elementor-spacer\">\n\t\t\t<div class=\"elementor-spacer-inner\"><\/div>\n\t\t<\/div>\n\t\t\t\t<\/div>\n\t\t\t\t<\/div>\n\t\t\t\t<div class=\"elementor-element elementor-element-3471079 section-title-style-style3 title-two-line tpg-border-bottom-enable meta-visibility-show title_position_default title_hover_border_default img_hover_animation_default meta_position_default readmore-btn-default-style grid-hover-overlay-type-always tpg-el-box-border-enable elementor-widget elementor-widget-tpg-grid-layout\" data-id=\"3471079\" data-element_type=\"widget\" data-widget_type=\"tpg-grid-layout.default\">\n\t\t\t\t<div class=\"elementor-widget-container\">\n\t\t\t\t\t<div class=\"rt-container-fluid rt-tpg-container tpg-el-main-wrapper clearfix grid-layout1-main \"\n\t\t\t id=\"rt-tpg-container-737373298\"\n\t\t\t data-layout=\"grid-layout1\"\n\t\t\t data-grid-style=\"tpg-full-height\"\n\t\t\t data-sc-id=\"elementor\"\n\t\t\t data-el-settings=''\n\t\t\t data-el-query=''\n\t\t\t data-el-path=''\n\t\t>\n\n\t\t\t\t\t\t<div class='tpg-header-wrapper '>\n\t\t\t\t\n        <div class=\"tpg-widget-heading-wrapper rt-clear heading-style3 \">\n            <span class=\"tpg-widget-heading-line line-left\"><\/span>\n\t\t\t<h2 class='tpg-widget-heading'>\n\t\t\t\n\t\t\t\t                    <span>\n\t\t\t\t\t\tA la une\t\t\t\t\t<\/span>\n\t\t\t\t\t\n\t\t\t\t\t\t\t<\/h2>            <span class=\"tpg-widget-heading-line line-right\"><\/span>\n\n\t\t\t\n        <\/div>\n\n\t\t\n\t\t\t\t\t<\/div>\n\n\t\t\t<div data-title=\"Loading ...\" class=\"rt-row rt-content-loader grid-layout1 grid-behaviour tpg-full-height grid_layout_wrapper\">\n\t\t\t\t<div class=\"rt-col-md-4 rt-col-sm-12 rt-col-xs-12 default rt-grid-item post-2892 post type-post status-publish format-standard has-post-thumbnail hentry category-bon-a-savoir category-scroll category-thematiques tag-actualites tag-banniere\"\t\tdata-id=\"2892\">\n\t<div class=\"rt-holder tpg-post-holder\">\n\t\t<div class=\"rt-detail rt-el-content-wrapper\">\n\t\t\t\t\t\t\t<div class=\"rt-img-holder tpg-el-image-wrap has-thumbnail\">\n\t\t\t\t\t<a data-id=\"2892\" href=\"https:\/\/mindef.gov.cm\/anciens-combattants\/2025\/10\/06\/premier-symposium-sur-les-victimes-de-guerre\/\" class=\"tpg-post-link\" target=\"_self\">                        <img fetchpriority=\"high\" decoding=\"async\" src=\"https:\/\/mindef.gov.cm\/anciens-combattants\/wp-content\/uploads\/sites\/3\/2025\/10\/WhatsApp-Image-2025-10-01-at-14.34.21.jpeg\"\n                             class=\"rt-img-responsive\"\n                             width=\"720\"\n                             height=\"1080\"\n                             alt=\"Premier symposium sur les Victimes de Guerre : Le SED\/CACVG face aux d\u00e9fis de la prise en charge des victimes de guerre\">\n\t\t\t\t\t\t\n\t\t\t\t\t\t\t\n\t\t<\/a>\n\t\t        <div class=\"overlay grid-hover-content\"><\/div>\n\t\t\t\t\t\t<\/div>\n\t\t\t\n\t\t\t<div class=\"entry-title-wrapper\"><h3 class=\"entry-title\"><a data-id=\"2892\" href=\"https:\/\/mindef.gov.cm\/anciens-combattants\/2025\/10\/06\/premier-symposium-sur-les-victimes-de-guerre\/\" class=\"tpg-post-link\" target=\"_self\">Premier symposium sur les Victimes de Guerre : Le SED\/CACVG face aux d\u00e9fis de la prise en charge des victimes de guerre<\/a><\/h3><\/div>\n\t\t\t\t\t\t\t<div class=\"post-meta-tags rt-el-post-meta\">\n\t\t\t\t\t\t\t\t\t<\/div>\n\t\t\t\n\n\t\t\t\t\t\t\t<div class=\"tpg-excerpt tpg-el-excerpt\">\n\t\t\t\t\t\t\t\t\t\t\t<div class=\"tpg-excerpt-inner\">\n\t\t\t\t\t\t\tTrois jours d\u2019intenses activit\u00e9s ont permis au Secr\u00e9tariat...\t\t\t\t\t\t<\/div>\n\t\t\t\t\t\t\t\t\t\t\t\t\t\t<\/div>\n\t\t\t\n\t\t\t        <div class=\"post-footer\">\n            <div class=\"post-footer\">\n                <div class=\"read-more\">\n\t\t\t\t\t<a data-id=\"2892\" href=\"https:\/\/mindef.gov.cm\/anciens-combattants\/2025\/10\/06\/premier-symposium-sur-les-victimes-de-guerre\/\" class=\"tpg-post-link\" target=\"_self\">Lire la suite<i aria-hidden=\"true\" class=\"right-icon fas fa-arrow-circle-right\"><\/i><\/a>                <\/div>\n            <\/div>\n        <\/div>\n\t\t\t\t<\/div>\n\t<\/div>\n<\/div>\n<div class=\"rt-col-md-4 rt-col-sm-12 rt-col-xs-12 default rt-grid-item post-2842 post type-post status-publish format-standard has-post-thumbnail hentry category-scroll tag-actualites tag-banniere\"\t\tdata-id=\"2842\">\n\t<div class=\"rt-holder tpg-post-holder\">\n\t\t<div class=\"rt-detail rt-el-content-wrapper\">\n\t\t\t\t\t\t\t<div class=\"rt-img-holder tpg-el-image-wrap has-thumbnail\">\n\t\t\t\t\t<a data-id=\"2842\" href=\"https:\/\/mindef.gov.cm\/anciens-combattants\/2025\/04\/17\/siac-2024-le-sed-cacvg-imprime-ses-marques\/\" class=\"tpg-post-link\" target=\"_self\">                        <img decoding=\"async\" src=\"https:\/\/mindef.gov.cm\/anciens-combattants\/wp-content\/uploads\/sites\/3\/2025\/04\/siac-4-scaled.jpg\"\n                             class=\"rt-img-responsive\"\n                             width=\"2560\"\n                             height=\"1707\"\n                             alt=\"SIAC 2024 : Le SED\/CACVG imprime ses marques\">\n\t\t\t\t\t\t\n\t\t\t\t\t\t\t\n\t\t<\/a>\n\t\t        <div class=\"overlay grid-hover-content\"><\/div>\n\t\t\t\t\t\t<\/div>\n\t\t\t\n\t\t\t<div class=\"entry-title-wrapper\"><h3 class=\"entry-title\"><a data-id=\"2842\" href=\"https:\/\/mindef.gov.cm\/anciens-combattants\/2025\/04\/17\/siac-2024-le-sed-cacvg-imprime-ses-marques\/\" class=\"tpg-post-link\" target=\"_self\">SIAC 2024 : Le SED\/CACVG imprime ses marques<\/a><\/h3><\/div>\n\t\t\t\t\t\t\t<div class=\"post-meta-tags rt-el-post-meta\">\n\t\t\t\t\t\t\t\t\t<\/div>\n\t\t\t\n\n\t\t\t\t\t\t\t<div class=\"tpg-excerpt tpg-el-excerpt\">\n\t\t\t\t\t\t\t\t\t\t\t<div class=\"tpg-excerpt-inner\">\n\t\t\t\t\t\t\tPlac\u00e9 sous le Tr\u00e8s Haut Patronage du Pr\u00e9sident de la...\t\t\t\t\t\t<\/div>\n\t\t\t\t\t\t\t\t\t\t\t\t\t\t<\/div>\n\t\t\t\n\t\t\t        <div class=\"post-footer\">\n            <div class=\"post-footer\">\n                <div class=\"read-more\">\n\t\t\t\t\t<a data-id=\"2842\" href=\"https:\/\/mindef.gov.cm\/anciens-combattants\/2025\/04\/17\/siac-2024-le-sed-cacvg-imprime-ses-marques\/\" class=\"tpg-post-link\" target=\"_self\">Lire la suite<i aria-hidden=\"true\" class=\"right-icon fas fa-arrow-circle-right\"><\/i><\/a>                <\/div>\n            <\/div>\n        <\/div>\n\t\t\t\t<\/div>\n\t<\/div>\n<\/div>\n<div class=\"rt-col-md-4 rt-col-sm-12 rt-col-xs-12 default rt-grid-item post-2780 post type-post status-publish format-standard has-post-thumbnail hentry category-scroll tag-actualites tag-banniere\"\t\tdata-id=\"2780\">\n\t<div class=\"rt-holder tpg-post-holder\">\n\t\t<div class=\"rt-detail rt-el-content-wrapper\">\n\t\t\t\t\t\t\t<div class=\"rt-img-holder tpg-el-image-wrap has-thumbnail\">\n\t\t\t\t\t<a data-id=\"2780\" href=\"https:\/\/mindef.gov.cm\/anciens-combattants\/2025\/04\/17\/jiph-2024-lien-armee-nation-renforce\/\" class=\"tpg-post-link\" target=\"_self\">                        <img decoding=\"async\" src=\"https:\/\/mindef.gov.cm\/anciens-combattants\/wp-content\/uploads\/sites\/3\/2025\/04\/handicapes-4-min-1-scaled.jpg\"\n                             class=\"rt-img-responsive\"\n                             width=\"2560\"\n                             height=\"1707\"\n                             alt=\"JIPH 2024 : Lien Arm\u00e9e-Nation renforc\u00e9\">\n\t\t\t\t\t\t\n\t\t\t\t\t\t\t\n\t\t<\/a>\n\t\t        <div class=\"overlay grid-hover-content\"><\/div>\n\t\t\t\t\t\t<\/div>\n\t\t\t\n\t\t\t<div class=\"entry-title-wrapper\"><h3 class=\"entry-title\"><a data-id=\"2780\" href=\"https:\/\/mindef.gov.cm\/anciens-combattants\/2025\/04\/17\/jiph-2024-lien-armee-nation-renforce\/\" class=\"tpg-post-link\" target=\"_self\">JIPH 2024 : Lien Arm\u00e9e-Nation renforc\u00e9<\/a><\/h3><\/div>\n\t\t\t\t\t\t\t<div class=\"post-meta-tags rt-el-post-meta\">\n\t\t\t\t\t\t\t\t\t<\/div>\n\t\t\t\n\n\t\t\t\t\t\t\t<div class=\"tpg-excerpt tpg-el-excerpt\">\n\t\t\t\t\t\t\t\t\t\t\t<div class=\"tpg-excerpt-inner\">\n\t\t\t\t\t\t\tLa comm\u00e9moration du 33\u00e8me anniversaire de l\u2019adoption par les...\t\t\t\t\t\t<\/div>\n\t\t\t\t\t\t\t\t\t\t\t\t\t\t<\/div>\n\t\t\t\n\t\t\t        <div class=\"post-footer\">\n            <div class=\"post-footer\">\n                <div class=\"read-more\">\n\t\t\t\t\t<a data-id=\"2780\" href=\"https:\/\/mindef.gov.cm\/anciens-combattants\/2025\/04\/17\/jiph-2024-lien-armee-nation-renforce\/\" class=\"tpg-post-link\" target=\"_self\">Lire la suite<i aria-hidden=\"true\" class=\"right-icon fas fa-arrow-circle-right\"><\/i><\/a>                <\/div>\n            <\/div>\n        <\/div>\n\t\t\t\t<\/div>\n\t<\/div>\n<\/div>\n\t\t\t<\/div>\n\t\t\t\n\t\t<\/div>\n\t\t\t\t<\/div>\n\t\t\t\t<\/div>\n\t\t\t\t<div class=\"elementor-element elementor-element-76d6f5e elementor-widget elementor-widget-spacer\" data-id=\"76d6f5e\" data-element_type=\"widget\" data-widget_type=\"spacer.default\">\n\t\t\t\t<div class=\"elementor-widget-container\">\n\t\t\t\t\t<div class=\"elementor-spacer\">\n\t\t\t<div class=\"elementor-spacer-inner\"><\/div>\n\t\t<\/div>\n\t\t\t\t<\/div>\n\t\t\t\t<\/div>\n\t\t\t\t\t<\/div>\n\t\t<\/div>\n\t\t\t\t\t<\/div>\n\t\t<\/section>\n\t\t\t\t<\/div>\n\t\t","protected":false},"excerpt":{"rendered":"<p>Organisation Pour mener \u00e0 bien les missions \u00e0 lui confi\u00e9es par la tr\u00e8s haute hi\u00e9rarchie, le SED\/CACVG est organis\u00e9 en Services Centraux et Services Ext\u00e9rieurs. Conf\u00e8re D\u00e9cret sus \u00e9voqu\u00e9 (Art 4 \u00e0 27). A la une The Battle of Bazeilles : 153rd Anniversary Celebrated On Friday September 8th 2023, the French Ambassador in&#8230; Lire la [&hellip;]<\/p>\n","protected":false},"author":1,"featured_media":0,"parent":0,"menu_order":0,"comment_status":"closed","ping_status":"closed","template":"","meta":{"footnotes":""},"class_list":["post-289","page","type-page","status-publish","hentry"],"yoast_head":"<!-- This site is optimized with the Yoast SEO plugin v23.3 - https:\/\/yoast.com\/wordpress\/plugins\/seo\/ -->\n<title>organisation - Anciens Combattants<\/title>\n<meta name=\"robots\" content=\"index, follow, max-snippet:-1, max-image-preview:large, max-video-preview:-1\" \/>\n<link rel=\"canonical\" href=\"https:\/\/mindef.gov.cm\/anciens-combattants\/organisation\/\" \/>\n<meta property=\"og:locale\" content=\"fr_FR\" \/>\n<meta property=\"og:type\" content=\"article\" \/>\n<meta property=\"og:title\" content=\"organisation - Anciens Combattants\" \/>\n<meta property=\"og:description\" content=\"Organisation Pour mener \u00e0 bien les missions \u00e0 lui confi\u00e9es par la tr\u00e8s haute hi\u00e9rarchie, le SED\/CACVG est organis\u00e9 en Services Centraux et Services Ext\u00e9rieurs. Conf\u00e8re D\u00e9cret sus \u00e9voqu\u00e9 (Art 4 \u00e0 27). A la une The Battle of Bazeilles : 153rd Anniversary Celebrated On Friday September 8th 2023, the French Ambassador in&#8230; Lire la [&hellip;]\" \/>\n<meta property=\"og:url\" content=\"https:\/\/mindef.gov.cm\/anciens-combattants\/organisation\/\" \/>\n<meta property=\"og:site_name\" content=\"Anciens Combattants\" \/>\n<meta property=\"article:modified_time\" content=\"2023-11-08T04:22:24+00:00\" \/>\n<meta property=\"og:image\" content=\"https:\/\/mindef.gov.cm\/anciens-combattants\/wp-content\/uploads\/sites\/3\/2023\/11\/WhatsApp-Image-2023-10-11-at-14.19.46-1.jpeg\" \/>\n<meta name=\"twitter:card\" content=\"summary_large_image\" \/>\n<meta name=\"twitter:label1\" content=\"Dur\u00e9e de lecture estim\u00e9e\" \/>\n\t<meta name=\"twitter:data1\" content=\"2 minutes\" \/>\n<script type=\"application\/ld+json\" class=\"yoast-schema-graph\">{\"@context\":\"https:\/\/schema.org\",\"@graph\":[{\"@type\":\"WebPage\",\"@id\":\"https:\/\/mindef.gov.cm\/anciens-combattants\/organisation\/\",\"url\":\"https:\/\/mindef.gov.cm\/anciens-combattants\/organisation\/\",\"name\":\"organisation - Anciens Combattants\",\"isPartOf\":{\"@id\":\"https:\/\/mindef.gov.cm\/anciens-combattants\/#website\"},\"primaryImageOfPage\":{\"@id\":\"https:\/\/mindef.gov.cm\/anciens-combattants\/organisation\/#primaryimage\"},\"image\":{\"@id\":\"https:\/\/mindef.gov.cm\/anciens-combattants\/organisation\/#primaryimage\"},\"thumbnailUrl\":\"https:\/\/mindef.gov.cm\/anciens-combattants\/wp-content\/uploads\/sites\/3\/2023\/11\/WhatsApp-Image-2023-10-11-at-14.19.46-1.jpeg\",\"datePublished\":\"2023-07-31T11:51:55+00:00\",\"dateModified\":\"2023-11-08T04:22:24+00:00\",\"breadcrumb\":{\"@id\":\"https:\/\/mindef.gov.cm\/anciens-combattants\/organisation\/#breadcrumb\"},\"inLanguage\":\"fr-FR\",\"potentialAction\":[{\"@type\":\"ReadAction\",\"target\":[\"https:\/\/mindef.gov.cm\/anciens-combattants\/organisation\/\"]}]},{\"@type\":\"ImageObject\",\"inLanguage\":\"fr-FR\",\"@id\":\"https:\/\/mindef.gov.cm\/anciens-combattants\/organisation\/#primaryimage\",\"url\":\"https:\/\/mindef.gov.cm\/anciens-combattants\/wp-content\/uploads\/sites\/3\/2023\/11\/WhatsApp-Image-2023-10-11-at-14.19.46-1.jpeg\",\"contentUrl\":\"https:\/\/mindef.gov.cm\/anciens-combattants\/wp-content\/uploads\/sites\/3\/2023\/11\/WhatsApp-Image-2023-10-11-at-14.19.46-1.jpeg\",\"width\":1080,\"height\":720},{\"@type\":\"BreadcrumbList\",\"@id\":\"https:\/\/mindef.gov.cm\/anciens-combattants\/organisation\/#breadcrumb\",\"itemListElement\":[{\"@type\":\"ListItem\",\"position\":1,\"name\":\"Home\",\"item\":\"https:\/\/mindef.gov.cm\/anciens-combattants\/\"},{\"@type\":\"ListItem\",\"position\":2,\"name\":\"organisation\"}]},{\"@type\":\"WebSite\",\"@id\":\"https:\/\/mindef.gov.cm\/anciens-combattants\/#website\",\"url\":\"https:\/\/mindef.gov.cm\/anciens-combattants\/\",\"name\":\"Anciens Combattants\",\"description\":\"\",\"publisher\":{\"@id\":\"https:\/\/mindef.gov.cm\/anciens-combattants\/#organization\"},\"potentialAction\":[{\"@type\":\"SearchAction\",\"target\":{\"@type\":\"EntryPoint\",\"urlTemplate\":\"https:\/\/mindef.gov.cm\/anciens-combattants\/?s={search_term_string}\"},\"query-input\":\"required name=search_term_string\"}],\"inLanguage\":\"fr-FR\"},{\"@type\":\"Organization\",\"@id\":\"https:\/\/mindef.gov.cm\/anciens-combattants\/#organization\",\"name\":\"Anciens Combattants\",\"url\":\"https:\/\/mindef.gov.cm\/anciens-combattants\/\",\"logo\":{\"@type\":\"ImageObject\",\"inLanguage\":\"fr-FR\",\"@id\":\"https:\/\/mindef.gov.cm\/anciens-combattants\/#\/schema\/logo\/image\/\",\"url\":\"https:\/\/mindef.gov.cm\/anciens-combattants\/wp-content\/uploads\/sites\/3\/2023\/07\/LOGO-MINDEF-PNG-FRANCAIS.png\",\"contentUrl\":\"https:\/\/mindef.gov.cm\/anciens-combattants\/wp-content\/uploads\/sites\/3\/2023\/07\/LOGO-MINDEF-PNG-FRANCAIS.png\",\"width\":2126,\"height\":478,\"caption\":\"Anciens Combattants\"},\"image\":{\"@id\":\"https:\/\/mindef.gov.cm\/anciens-combattants\/#\/schema\/logo\/image\/\"}}]}<\/script>\n<!-- \/ Yoast SEO plugin. -->","yoast_head_json":{"title":"organisation - Anciens Combattants","robots":{"index":"index","follow":"follow","max-snippet":"max-snippet:-1","max-image-preview":"max-image-preview:large","max-video-preview":"max-video-preview:-1"},"canonical":"https:\/\/mindef.gov.cm\/anciens-combattants\/organisation\/","og_locale":"fr_FR","og_type":"article","og_title":"organisation - Anciens Combattants","og_description":"Organisation Pour mener \u00e0 bien les missions \u00e0 lui confi\u00e9es par la tr\u00e8s haute hi\u00e9rarchie, le SED\/CACVG est organis\u00e9 en Services Centraux et Services Ext\u00e9rieurs. Conf\u00e8re D\u00e9cret sus \u00e9voqu\u00e9 (Art 4 \u00e0 27). A la une The Battle of Bazeilles : 153rd Anniversary Celebrated On Friday September 8th 2023, the French Ambassador in&#8230; Lire la [&hellip;]","og_url":"https:\/\/mindef.gov.cm\/anciens-combattants\/organisation\/","og_site_name":"Anciens Combattants","article_modified_time":"2023-11-08T04:22:24+00:00","og_image":[{"url":"https:\/\/mindef.gov.cm\/anciens-combattants\/wp-content\/uploads\/sites\/3\/2023\/11\/WhatsApp-Image-2023-10-11-at-14.19.46-1.jpeg"}],"twitter_card":"summary_large_image","twitter_misc":{"Dur\u00e9e de lecture estim\u00e9e":"2 minutes"},"schema":{"@context":"https:\/\/schema.org","@graph":[{"@type":"WebPage","@id":"https:\/\/mindef.gov.cm\/anciens-combattants\/organisation\/","url":"https:\/\/mindef.gov.cm\/anciens-combattants\/organisation\/","name":"organisation - Anciens Combattants","isPartOf":{"@id":"https:\/\/mindef.gov.cm\/anciens-combattants\/#website"},"primaryImageOfPage":{"@id":"https:\/\/mindef.gov.cm\/anciens-combattants\/organisation\/#primaryimage"},"image":{"@id":"https:\/\/mindef.gov.cm\/anciens-combattants\/organisation\/#primaryimage"},"thumbnailUrl":"https:\/\/mindef.gov.cm\/anciens-combattants\/wp-content\/uploads\/sites\/3\/2023\/11\/WhatsApp-Image-2023-10-11-at-14.19.46-1.jpeg","datePublished":"2023-07-31T11:51:55+00:00","dateModified":"2023-11-08T04:22:24+00:00","breadcrumb":{"@id":"https:\/\/mindef.gov.cm\/anciens-combattants\/organisation\/#breadcrumb"},"inLanguage":"fr-FR","potentialAction":[{"@type":"ReadAction","target":["https:\/\/mindef.gov.cm\/anciens-combattants\/organisation\/"]}]},{"@type":"ImageObject","inLanguage":"fr-FR","@id":"https:\/\/mindef.gov.cm\/anciens-combattants\/organisation\/#primaryimage","url":"https:\/\/mindef.gov.cm\/anciens-combattants\/wp-content\/uploads\/sites\/3\/2023\/11\/WhatsApp-Image-2023-10-11-at-14.19.46-1.jpeg","contentUrl":"https:\/\/mindef.gov.cm\/anciens-combattants\/wp-content\/uploads\/sites\/3\/2023\/11\/WhatsApp-Image-2023-10-11-at-14.19.46-1.jpeg","width":1080,"height":720},{"@type":"BreadcrumbList","@id":"https:\/\/mindef.gov.cm\/anciens-combattants\/organisation\/#breadcrumb","itemListElement":[{"@type":"ListItem","position":1,"name":"Home","item":"https:\/\/mindef.gov.cm\/anciens-combattants\/"},{"@type":"ListItem","position":2,"name":"organisation"}]},{"@type":"WebSite","@id":"https:\/\/mindef.gov.cm\/anciens-combattants\/#website","url":"https:\/\/mindef.gov.cm\/anciens-combattants\/","name":"Anciens Combattants","description":"","publisher":{"@id":"https:\/\/mindef.gov.cm\/anciens-combattants\/#organization"},"potentialAction":[{"@type":"SearchAction","target":{"@type":"EntryPoint","urlTemplate":"https:\/\/mindef.gov.cm\/anciens-combattants\/?s={search_term_string}"},"query-input":"required name=search_term_string"}],"inLanguage":"fr-FR"},{"@type":"Organization","@id":"https:\/\/mindef.gov.cm\/anciens-combattants\/#organization","name":"Anciens Combattants","url":"https:\/\/mindef.gov.cm\/anciens-combattants\/","logo":{"@type":"ImageObject","inLanguage":"fr-FR","@id":"https:\/\/mindef.gov.cm\/anciens-combattants\/#\/schema\/logo\/image\/","url":"https:\/\/mindef.gov.cm\/anciens-combattants\/wp-content\/uploads\/sites\/3\/2023\/07\/LOGO-MINDEF-PNG-FRANCAIS.png","contentUrl":"https:\/\/mindef.gov.cm\/anciens-combattants\/wp-content\/uploads\/sites\/3\/2023\/07\/LOGO-MINDEF-PNG-FRANCAIS.png","width":2126,"height":478,"caption":"Anciens Combattants"},"image":{"@id":"https:\/\/mindef.gov.cm\/anciens-combattants\/#\/schema\/logo\/image\/"}}]}},"rttpg_featured_image_url":null,"rttpg_author":{"display_name":"ricaldorichard237@gmail.com","author_link":"https:\/\/mindef.gov.cm\/anciens-combattants\/author\/ricaldorichard237gmail-com\/"},"rttpg_comment":0,"rttpg_category":"","rttpg_excerpt":"Organisation Pour mener \u00e0 bien les missions \u00e0 lui confi\u00e9es par la tr\u00e8s haute hi\u00e9rarchie, le SED\/CACVG est organis\u00e9 en Services Centraux et Services Ext\u00e9rieurs. Conf\u00e8re D\u00e9cret sus \u00e9voqu\u00e9 (Art 4 \u00e0 27). A la une The Battle of Bazeilles : 153rd Anniversary Celebrated On Friday September 8th 2023, the French Ambassador in&#8230; Lire la\u2026","_links":{"self":[{"href":"https:\/\/mindef.gov.cm\/anciens-combattants\/wp-json\/wp\/v2\/pages\/289","targetHints":{"allow":["GET"]}}],"collection":[{"href":"https:\/\/mindef.gov.cm\/anciens-combattants\/wp-json\/wp\/v2\/pages"}],"about":[{"href":"https:\/\/mindef.gov.cm\/anciens-combattants\/wp-json\/wp\/v2\/types\/page"}],"author":[{"embeddable":true,"href":"https:\/\/mindef.gov.cm\/anciens-combattants\/wp-json\/wp\/v2\/users\/1"}],"replies":[{"embeddable":true,"href":"https:\/\/mindef.gov.cm\/anciens-combattants\/wp-json\/wp\/v2\/comments?post=289"}],"version-history":[{"count":0,"href":"https:\/\/mindef.gov.cm\/anciens-combattants\/wp-json\/wp\/v2\/pages\/289\/revisions"}],"wp:attachment":[{"href":"https:\/\/mindef.gov.cm\/anciens-combattants\/wp-json\/wp\/v2\/media?parent=289"}],"curies":[{"name":"wp","href":"https:\/\/api.w.org\/{rel}","templated":true}]}}