{"id":65,"date":"2023-07-27T13:19:44","date_gmt":"2023-07-27T11:19:44","guid":{"rendered":"http:\/\/mindef.gov.cm\/etat-major-des-armees\/operations\/"},"modified":"2023-08-01T07:09:51","modified_gmt":"2023-08-01T05:09:51","slug":"operations","status":"publish","type":"page","link":"https:\/\/mindef.gov.cm\/etat-major-des-armees\/operations\/","title":{"rendered":"operations"},"content":{"rendered":"\t\t<div data-elementor-type=\"wp-page\" data-elementor-id=\"65\" class=\"elementor elementor-65\" data-elementor-post-type=\"page\">\n\t\t\t\t\t\t<section class=\"elementor-section elementor-top-section elementor-element elementor-element-2fc988e3 animated-fast elementor-section-boxed elementor-section-height-default elementor-section-height-default\" data-id=\"2fc988e3\" data-element_type=\"section\" data-settings=\"{&quot;background_background&quot;:&quot;classic&quot;,&quot;animation&quot;:&quot;none&quot;}\">\n\t\t\t\t\t\t<div class=\"elementor-container elementor-column-gap-default\">\n\t\t\t\t\t<div class=\"elementor-column elementor-col-100 elementor-top-column elementor-element elementor-element-5be2e53f\" data-id=\"5be2e53f\" data-element_type=\"column\" data-settings=\"{&quot;background_background&quot;:&quot;classic&quot;}\">\n\t\t\t<div class=\"elementor-widget-wrap elementor-element-populated\">\n\t\t\t\t\t\t<div class=\"elementor-element elementor-element-a12d99e elementor-widget elementor-widget-heading\" data-id=\"a12d99e\" data-element_type=\"widget\" data-widget_type=\"heading.default\">\n\t\t\t\t<div class=\"elementor-widget-container\">\n\t\t\t<h2 class=\"elementor-heading-title elementor-size-small\">Op\u00e9rations\n<\/h2>\t\t<\/div>\n\t\t\t\t<\/div>\n\t\t\t\t<div class=\"elementor-element elementor-element-79568433 elementor-widget elementor-widget-text-editor\" data-id=\"79568433\" data-element_type=\"widget\" data-widget_type=\"text-editor.default\">\n\t\t\t\t<div class=\"elementor-widget-container\">\n\t\t\t\t\t\t\t<p>Le G\u00e9n\u00e9ral de Corps d\u2019Arm\u00e9e (GCA\/CEMA) dans ses missions r\u00e9galiennes est le responsable des op\u00e9rations militaires tant \u00e0 l\u2019int\u00e9rieur qu\u2019\u00e0 l\u2019ext\u00e9rieur du territoire national camerounais. A ce titre, il coordonne les activit\u00e9s op\u00e9rationnelles dans les diff\u00e9rents th\u00e9\u00e2tres d\u2019op\u00e9ration. Il s\u2019agit notamment de la stabilisation en cours dans les r\u00e9gions du Nord-ouest et du Sud-ouest \u00e0 travers les op\u00e9rations Emergence 2 et 5. L a poursuite des op\u00e9rations de s\u00e9curisation dans l\u2019Extr\u00eame-nord \u00e0 travers l\u2019op\u00e9ration Emergence 4. Concernant les op\u00e9rations ext\u00e9rieures, nous notons la projection depuis 2022 du 9<sup>\u00e8me<\/sup> bataillon camerounais de la MINUSCA. Actuellement, la mont\u00e9e en puissance du 10<sup>\u00e8me<\/sup> bataillon est en cours en vue d\u2019une projection pour la rel\u00e8ve du 9<sup>\u00e8me<\/sup> bataillon.<\/p>\t\t\t\t\t\t<\/div>\n\t\t\t\t<\/div>\n\t\t\t\t<div class=\"elementor-element elementor-element-f6cc52a elementor-widget elementor-widget-spacer\" data-id=\"f6cc52a\" data-element_type=\"widget\" data-widget_type=\"spacer.default\">\n\t\t\t\t<div class=\"elementor-widget-container\">\n\t\t\t\t\t<div class=\"elementor-spacer\">\n\t\t\t<div class=\"elementor-spacer-inner\"><\/div>\n\t\t<\/div>\n\t\t\t\t<\/div>\n\t\t\t\t<\/div>\n\t\t\t\t\t<\/div>\n\t\t<\/div>\n\t\t\t\t\t<\/div>\n\t\t<\/section>\n\t\t\t\t<section class=\"elementor-section elementor-top-section elementor-element elementor-element-15e6f91 elementor-section-boxed elementor-section-height-default elementor-section-height-default\" data-id=\"15e6f91\" data-element_type=\"section\" data-settings=\"{&quot;background_background&quot;:&quot;classic&quot;}\">\n\t\t\t\t\t\t<div class=\"elementor-container elementor-column-gap-default\">\n\t\t\t\t\t<div class=\"elementor-column elementor-col-100 elementor-top-column elementor-element elementor-element-5806ea4\" data-id=\"5806ea4\" data-element_type=\"column\">\n\t\t\t<div class=\"elementor-widget-wrap elementor-element-populated\">\n\t\t\t\t\t\t<div class=\"elementor-element elementor-element-cd72110 elementor-widget elementor-widget-spacer\" data-id=\"cd72110\" data-element_type=\"widget\" data-widget_type=\"spacer.default\">\n\t\t\t\t<div class=\"elementor-widget-container\">\n\t\t\t\t\t<div class=\"elementor-spacer\">\n\t\t\t<div class=\"elementor-spacer-inner\"><\/div>\n\t\t<\/div>\n\t\t\t\t<\/div>\n\t\t\t\t<\/div>\n\t\t\t\t<div class=\"elementor-element elementor-element-a7ebbc6 section-title-style-style3 title-two-line readmore-btn-only-text tpg-border-bottom-enable meta-visibility-show title_position_default title_hover_border_default img_hover_animation_default meta_position_default tpg-category-position-default grid-hover-overlay-type-always tpg-el-box-border-enable elementor-widget elementor-widget-tpg-grid-layout\" data-id=\"a7ebbc6\" data-element_type=\"widget\" data-widget_type=\"tpg-grid-layout.default\">\n\t\t\t\t<div class=\"elementor-widget-container\">\n\t\t\t\t\t<div class=\"rt-container-fluid rt-tpg-container tpg-el-main-wrapper clearfix grid-layout1-main \"\n\t\t\t id=\"rt-tpg-container-3771090294\"\n\t\t\t data-layout=\"grid-layout1\"\n\t\t\t data-grid-style=\"tpg-full-height\"\n\t\t\t data-sc-id=\"elementor\"\n\t\t\t data-el-settings=''\n\t\t\t data-el-query=''\n\t\t\t data-el-path=''\n\t\t>\n\n\t\t\t\t\t\t<div class='tpg-header-wrapper '>\n\t\t\t\t\n        <div class=\"tpg-widget-heading-wrapper rt-clear heading-style3 \">\n            <span class=\"tpg-widget-heading-line line-left\"><\/span>\n\t\t\t<h2 class='tpg-widget-heading'>\n\t\t\t\n\t\t\t\t                    <span>\n\t\t\t\t\t\tA la une\t\t\t\t\t<\/span>\n\t\t\t\t\t\n\t\t\t\t\t\t\t<\/h2>            <span class=\"tpg-widget-heading-line line-right\"><\/span>\n\n\t\t\t\n        <\/div>\n\n\t\t\n\t\t\t\t\t<\/div>\n\n\t\t\t<div data-title=\"Loading ...\" class=\"rt-row rt-content-loader grid-layout1 grid-behaviour tpg-full-height grid_layout_wrapper\">\n\t\t\t\t<div class=\"rt-col-md-4 rt-col-sm-6 rt-col-xs-12 default rt-grid-item post-1461 post type-post status-publish format-standard has-post-thumbnail hentry category-scroll tag-actualites tag-banniere\"\t\tdata-id=\"1461\">\n\t<div class=\"rt-holder tpg-post-holder\">\n\t\t<div class=\"rt-detail rt-el-content-wrapper\">\n\t\t\t\t\t\t\t<div class=\"rt-img-holder tpg-el-image-wrap has-thumbnail\">\n\t\t\t\t\t<a data-id=\"1461\" href=\"https:\/\/mindef.gov.cm\/etat-major-des-armees\/2024\/06\/13\/ema-news-infos-n0004-edition-de-mai-2024\/\" class=\"tpg-post-link\" target=\"_self\">                        <img fetchpriority=\"high\" decoding=\"async\" src=\"https:\/\/mindef.gov.cm\/etat-major-des-armees\/wp-content\/uploads\/sites\/4\/2024\/06\/EMA-News.png\"\n                             class=\"rt-img-responsive\"\n                             width=\"800\"\n                             height=\"452\"\n                             alt=\"EMA NEWS\/INFOS N\u00b00004 : EDITION DE MAI 2024\">\n\t\t\t\t\t\t\n\t\t\t\t\t\t\t\n\t\t<\/a>\n\t\t        <div class=\"overlay grid-hover-content\"><\/div>\n\t\t\t\t\t\t<\/div>\n\t\t\t\n\t\t\t<div class=\"entry-title-wrapper\"><h3 class=\"entry-title\"><a data-id=\"1461\" href=\"https:\/\/mindef.gov.cm\/etat-major-des-armees\/2024\/06\/13\/ema-news-infos-n0004-edition-de-mai-2024\/\" class=\"tpg-post-link\" target=\"_self\">EMA NEWS\/INFOS N\u00b00004 : EDITION DE MAI 2024<\/a><\/h3><\/div>\n\t\t\t\t\t\t\t<div class=\"post-meta-tags rt-el-post-meta\">\n\t\t\t\t\t            <span class='categories-links'>\n\t\t\t\t<a class=\"scroll\" href=\"https:\/\/mindef.gov.cm\/etat-major-des-armees\/category\/scroll\/\">scroll<\/a>\n\t\t\t<\/span>\n\t\t\t<span class='separator'>|<\/span>\t\t\t\t<\/div>\n\t\t\t\n\n\t\t\t\t\t\t\t<div class=\"tpg-excerpt tpg-el-excerpt\">\n\t\t\t\t\t\t\t\t\t\t\t<div class=\"tpg-excerpt-inner\">\n\t\t\t\t\t\t\tLA CONTRIBUTION DES FORCES DE DEFENSE A LA STABILISATION DU CAMEROUN ET DE LA SOUS-REGION EN 2023: ENGAGEMENTS...\t\t\t\t\t\t<\/div>\n\t\t\t\t\t\t\t\t\t\t\t\t\t\t<\/div>\n\t\t\t\n\t\t\t        <div class=\"post-footer\">\n            <div class=\"post-footer\">\n                <div class=\"read-more\">\n\t\t\t\t\t<a data-id=\"1461\" href=\"https:\/\/mindef.gov.cm\/etat-major-des-armees\/2024\/06\/13\/ema-news-infos-n0004-edition-de-mai-2024\/\" class=\"tpg-post-link\" target=\"_self\">Lire la suite<i aria-hidden=\"true\" class=\"right-icon fas fa-arrow-circle-right\"><\/i><\/a>                <\/div>\n            <\/div>\n        <\/div>\n\t\t\t\t<\/div>\n\t<\/div>\n<\/div>\n<div class=\"rt-col-md-4 rt-col-sm-6 rt-col-xs-12 default rt-grid-item post-94 post type-post status-publish format-standard has-post-thumbnail hentry category-scroll tag-actualites tag-banniere\"\t\tdata-id=\"94\">\n\t<div class=\"rt-holder tpg-post-holder\">\n\t\t<div class=\"rt-detail rt-el-content-wrapper\">\n\t\t\t\t\t\t\t<div class=\"rt-img-holder tpg-el-image-wrap has-thumbnail\">\n\t\t\t\t\t<a data-id=\"94\" href=\"https:\/\/mindef.gov.cm\/etat-major-des-armees\/2023\/07\/27\/remise-des-cadeaux-par-le-major-general-de-lema-a-lexpert-onusien-1er-decembre-2022\/\" class=\"tpg-post-link\" target=\"_self\">                        <img decoding=\"async\" src=\"https:\/\/mindef.gov.cm\/etat-major-des-armees\/wp-content\/uploads\/sites\/4\/2023\/07\/DSC_9109-1024x683.jpg\"\n                             class=\"rt-img-responsive\"\n                             width=\"800\"\n                             height=\"534\"\n                             alt=\"REMISE DES CADEAUX PAR LE MAJOR G\u00c9N\u00c9RAL DE L\u2019EMA \u00c0 L\u2019EXPERT ONUSIEN : 1ER D\u00c9CEMBRE 2022\">\n\t\t\t\t\t\t\n\t\t\t\t\t\t\t\n\t\t<\/a>\n\t\t        <div class=\"overlay grid-hover-content\"><\/div>\n\t\t\t\t\t\t<\/div>\n\t\t\t\n\t\t\t<div class=\"entry-title-wrapper\"><h3 class=\"entry-title\"><a data-id=\"94\" href=\"https:\/\/mindef.gov.cm\/etat-major-des-armees\/2023\/07\/27\/remise-des-cadeaux-par-le-major-general-de-lema-a-lexpert-onusien-1er-decembre-2022\/\" class=\"tpg-post-link\" target=\"_self\">REMISE DES CADEAUX PAR LE MAJOR G\u00c9N\u00c9RAL DE L\u2019EMA \u00c0 L\u2019EXPERT ONUSIEN : 1ER D\u00c9CEMBRE 2022<\/a><\/h3><\/div>\n\t\t\t\t\t\t\t<div class=\"post-meta-tags rt-el-post-meta\">\n\t\t\t\t\t            <span class='categories-links'>\n\t\t\t\t<a class=\"scroll\" href=\"https:\/\/mindef.gov.cm\/etat-major-des-armees\/category\/scroll\/\">scroll<\/a>\n\t\t\t<\/span>\n\t\t\t<span class='separator'>|<\/span>\t\t\t\t<\/div>\n\t\t\t\n\n\t\t\t\t\t\t\t<div class=\"tpg-excerpt tpg-el-excerpt\">\n\t\t\t\t\t\t\t\t\t\t\t<div class=\"tpg-excerpt-inner\">\n\t\t\t\t\t\t\t...\t\t\t\t\t\t<\/div>\n\t\t\t\t\t\t\t\t\t\t\t\t\t\t<\/div>\n\t\t\t\n\t\t\t        <div class=\"post-footer\">\n            <div class=\"post-footer\">\n                <div class=\"read-more\">\n\t\t\t\t\t<a data-id=\"94\" href=\"https:\/\/mindef.gov.cm\/etat-major-des-armees\/2023\/07\/27\/remise-des-cadeaux-par-le-major-general-de-lema-a-lexpert-onusien-1er-decembre-2022\/\" class=\"tpg-post-link\" target=\"_self\">Lire la suite<i aria-hidden=\"true\" class=\"right-icon fas fa-arrow-circle-right\"><\/i><\/a>                <\/div>\n            <\/div>\n        <\/div>\n\t\t\t\t<\/div>\n\t<\/div>\n<\/div>\n<div class=\"rt-col-md-4 rt-col-sm-6 rt-col-xs-12 default rt-grid-item post-93 post type-post status-publish format-standard has-post-thumbnail hentry category-scroll tag-actualites tag-banniere\"\t\tdata-id=\"93\">\n\t<div class=\"rt-holder tpg-post-holder\">\n\t\t<div class=\"rt-detail rt-el-content-wrapper\">\n\t\t\t\t\t\t\t<div class=\"rt-img-holder tpg-el-image-wrap has-thumbnail\">\n\t\t\t\t\t<a data-id=\"93\" href=\"https:\/\/mindef.gov.cm\/etat-major-des-armees\/2023\/07\/27\/2eme-phase-controle-operationnel-photo-de-famille-buea-novembre-2022\/\" class=\"tpg-post-link\" target=\"_self\">                        <img decoding=\"async\" src=\"https:\/\/mindef.gov.cm\/etat-major-des-armees\/wp-content\/uploads\/sites\/4\/2023\/07\/DSC3875-1024x678.jpg\"\n                             class=\"rt-img-responsive\"\n                             width=\"800\"\n                             height=\"530\"\n                             alt=\"2\u00c8ME PHASE CONTR\u00d4LE OP\u00c9RATIONNEL : PHOTO DE FAMILLE : BUEA NOVEMBRE 2022\">\n\t\t\t\t\t\t\n\t\t\t\t\t\t\t\n\t\t<\/a>\n\t\t        <div class=\"overlay grid-hover-content\"><\/div>\n\t\t\t\t\t\t<\/div>\n\t\t\t\n\t\t\t<div class=\"entry-title-wrapper\"><h3 class=\"entry-title\"><a data-id=\"93\" href=\"https:\/\/mindef.gov.cm\/etat-major-des-armees\/2023\/07\/27\/2eme-phase-controle-operationnel-photo-de-famille-buea-novembre-2022\/\" class=\"tpg-post-link\" target=\"_self\">2\u00c8ME PHASE CONTR\u00d4LE OP\u00c9RATIONNEL : PHOTO DE FAMILLE : BUEA NOVEMBRE 2022<\/a><\/h3><\/div>\n\t\t\t\t\t\t\t<div class=\"post-meta-tags rt-el-post-meta\">\n\t\t\t\t\t            <span class='categories-links'>\n\t\t\t\t<a class=\"scroll\" href=\"https:\/\/mindef.gov.cm\/etat-major-des-armees\/category\/scroll\/\">scroll<\/a>\n\t\t\t<\/span>\n\t\t\t<span class='separator'>|<\/span>\t\t\t\t<\/div>\n\t\t\t\n\n\t\t\t\t\t\t\t<div class=\"tpg-excerpt tpg-el-excerpt\">\n\t\t\t\t\t\t\t\t\t\t\t<div class=\"tpg-excerpt-inner\">\n\t\t\t\t\t\t\t...\t\t\t\t\t\t<\/div>\n\t\t\t\t\t\t\t\t\t\t\t\t\t\t<\/div>\n\t\t\t\n\t\t\t        <div class=\"post-footer\">\n            <div class=\"post-footer\">\n                <div class=\"read-more\">\n\t\t\t\t\t<a data-id=\"93\" href=\"https:\/\/mindef.gov.cm\/etat-major-des-armees\/2023\/07\/27\/2eme-phase-controle-operationnel-photo-de-famille-buea-novembre-2022\/\" class=\"tpg-post-link\" target=\"_self\">Lire la suite<i aria-hidden=\"true\" class=\"right-icon fas fa-arrow-circle-right\"><\/i><\/a>                <\/div>\n            <\/div>\n        <\/div>\n\t\t\t\t<\/div>\n\t<\/div>\n<\/div>\n\t\t\t<\/div>\n\t\t\t\n\t\t<\/div>\n\t\t\t\t<\/div>\n\t\t\t\t<\/div>\n\t\t\t\t<div class=\"elementor-element elementor-element-060906d elementor-widget elementor-widget-spacer\" data-id=\"060906d\" data-element_type=\"widget\" data-widget_type=\"spacer.default\">\n\t\t\t\t<div class=\"elementor-widget-container\">\n\t\t\t\t\t<div class=\"elementor-spacer\">\n\t\t\t<div class=\"elementor-spacer-inner\"><\/div>\n\t\t<\/div>\n\t\t\t\t<\/div>\n\t\t\t\t<\/div>\n\t\t\t\t\t<\/div>\n\t\t<\/div>\n\t\t\t\t\t<\/div>\n\t\t<\/section>\n\t\t\t\t<\/div>\n\t\t","protected":false},"excerpt":{"rendered":"<p>Op\u00e9rations Le G\u00e9n\u00e9ral de Corps d\u2019Arm\u00e9e (GCA\/CEMA) dans ses missions r\u00e9galiennes est le responsable des op\u00e9rations militaires tant \u00e0 l\u2019int\u00e9rieur qu\u2019\u00e0 l\u2019ext\u00e9rieur du territoire national camerounais. A ce titre, il coordonne les activit\u00e9s op\u00e9rationnelles dans les diff\u00e9rents th\u00e9\u00e2tres d\u2019op\u00e9ration. Il s\u2019agit notamment de la stabilisation en cours dans les r\u00e9gions du Nord-ouest et du Sud-ouest [&hellip;]<\/p>\n","protected":false},"author":1,"featured_media":0,"parent":0,"menu_order":0,"comment_status":"closed","ping_status":"closed","template":"","meta":{"footnotes":""},"class_list":["post-65","page","type-page","status-publish","hentry"],"yoast_head":"<!-- This site is optimized with the Yoast SEO plugin v23.3 - https:\/\/yoast.com\/wordpress\/plugins\/seo\/ -->\n<title>operations - Etat Major Des Arm\u00e9es<\/title>\n<meta name=\"robots\" content=\"index, follow, max-snippet:-1, max-image-preview:large, max-video-preview:-1\" \/>\n<link rel=\"canonical\" href=\"https:\/\/mindef.gov.cm\/etat-major-des-armees\/operations\/\" \/>\n<meta property=\"og:locale\" content=\"fr_FR\" \/>\n<meta property=\"og:type\" content=\"article\" \/>\n<meta property=\"og:title\" content=\"operations - Etat Major Des Arm\u00e9es\" \/>\n<meta property=\"og:description\" content=\"Op\u00e9rations Le G\u00e9n\u00e9ral de Corps d\u2019Arm\u00e9e (GCA\/CEMA) dans ses missions r\u00e9galiennes est le responsable des op\u00e9rations militaires tant \u00e0 l\u2019int\u00e9rieur qu\u2019\u00e0 l\u2019ext\u00e9rieur du territoire national camerounais. A ce titre, il coordonne les activit\u00e9s op\u00e9rationnelles dans les diff\u00e9rents th\u00e9\u00e2tres d\u2019op\u00e9ration. Il s\u2019agit notamment de la stabilisation en cours dans les r\u00e9gions du Nord-ouest et du Sud-ouest [&hellip;]\" \/>\n<meta property=\"og:url\" content=\"https:\/\/mindef.gov.cm\/etat-major-des-armees\/operations\/\" \/>\n<meta property=\"og:site_name\" content=\"Etat Major Des Arm\u00e9es\" \/>\n<meta property=\"article:modified_time\" content=\"2023-08-01T05:09:51+00:00\" \/>\n<meta property=\"og:image\" content=\"http:\/\/mindef.gov.cm\/etat-major-des-armees\/wp-content\/uploads\/sites\/4\/2023\/07\/DSC_9109-1024x683.jpg\" \/>\n<meta name=\"twitter:card\" content=\"summary_large_image\" \/>\n<meta name=\"twitter:label1\" content=\"Dur\u00e9e de lecture estim\u00e9e\" \/>\n\t<meta name=\"twitter:data1\" content=\"2 minutes\" \/>\n<script type=\"application\/ld+json\" class=\"yoast-schema-graph\">{\"@context\":\"https:\/\/schema.org\",\"@graph\":[{\"@type\":\"WebPage\",\"@id\":\"https:\/\/mindef.gov.cm\/etat-major-des-armees\/operations\/\",\"url\":\"https:\/\/mindef.gov.cm\/etat-major-des-armees\/operations\/\",\"name\":\"operations - Etat Major Des Arm\u00e9es\",\"isPartOf\":{\"@id\":\"https:\/\/mindef.gov.cm\/etat-major-des-armees\/#website\"},\"primaryImageOfPage\":{\"@id\":\"https:\/\/mindef.gov.cm\/etat-major-des-armees\/operations\/#primaryimage\"},\"image\":{\"@id\":\"https:\/\/mindef.gov.cm\/etat-major-des-armees\/operations\/#primaryimage\"},\"thumbnailUrl\":\"http:\/\/mindef.gov.cm\/etat-major-des-armees\/wp-content\/uploads\/sites\/4\/2023\/07\/DSC_9109-1024x683.jpg\",\"datePublished\":\"2023-07-27T11:19:44+00:00\",\"dateModified\":\"2023-08-01T05:09:51+00:00\",\"breadcrumb\":{\"@id\":\"https:\/\/mindef.gov.cm\/etat-major-des-armees\/operations\/#breadcrumb\"},\"inLanguage\":\"fr-FR\",\"potentialAction\":[{\"@type\":\"ReadAction\",\"target\":[\"https:\/\/mindef.gov.cm\/etat-major-des-armees\/operations\/\"]}]},{\"@type\":\"ImageObject\",\"inLanguage\":\"fr-FR\",\"@id\":\"https:\/\/mindef.gov.cm\/etat-major-des-armees\/operations\/#primaryimage\",\"url\":\"https:\/\/mindef.gov.cm\/etat-major-des-armees\/wp-content\/uploads\/sites\/4\/2023\/07\/DSC_9109-scaled.jpg\",\"contentUrl\":\"https:\/\/mindef.gov.cm\/etat-major-des-armees\/wp-content\/uploads\/sites\/4\/2023\/07\/DSC_9109-scaled.jpg\",\"width\":2560,\"height\":1708},{\"@type\":\"BreadcrumbList\",\"@id\":\"https:\/\/mindef.gov.cm\/etat-major-des-armees\/operations\/#breadcrumb\",\"itemListElement\":[{\"@type\":\"ListItem\",\"position\":1,\"name\":\"Home\",\"item\":\"https:\/\/mindef.gov.cm\/etat-major-des-armees\/accueil\/\"},{\"@type\":\"ListItem\",\"position\":2,\"name\":\"operations\"}]},{\"@type\":\"WebSite\",\"@id\":\"https:\/\/mindef.gov.cm\/etat-major-des-armees\/#website\",\"url\":\"https:\/\/mindef.gov.cm\/etat-major-des-armees\/\",\"name\":\"Etat Major Des Arm\u00e9es\",\"description\":\"\",\"publisher\":{\"@id\":\"https:\/\/mindef.gov.cm\/etat-major-des-armees\/#organization\"},\"potentialAction\":[{\"@type\":\"SearchAction\",\"target\":{\"@type\":\"EntryPoint\",\"urlTemplate\":\"https:\/\/mindef.gov.cm\/etat-major-des-armees\/?s={search_term_string}\"},\"query-input\":\"required name=search_term_string\"}],\"inLanguage\":\"fr-FR\"},{\"@type\":\"Organization\",\"@id\":\"https:\/\/mindef.gov.cm\/etat-major-des-armees\/#organization\",\"name\":\"Etat Major Des Arm\u00e9es\",\"url\":\"https:\/\/mindef.gov.cm\/etat-major-des-armees\/\",\"logo\":{\"@type\":\"ImageObject\",\"inLanguage\":\"fr-FR\",\"@id\":\"https:\/\/mindef.gov.cm\/etat-major-des-armees\/#\/schema\/logo\/image\/\",\"url\":\"https:\/\/mindef.gov.cm\/etat-major-des-armees\/wp-content\/uploads\/sites\/4\/2023\/10\/Logo-Mindef-fr.jpg\",\"contentUrl\":\"https:\/\/mindef.gov.cm\/etat-major-des-armees\/wp-content\/uploads\/sites\/4\/2023\/10\/Logo-Mindef-fr.jpg\",\"width\":1324,\"height\":298,\"caption\":\"Etat Major Des Arm\u00e9es\"},\"image\":{\"@id\":\"https:\/\/mindef.gov.cm\/etat-major-des-armees\/#\/schema\/logo\/image\/\"}}]}<\/script>\n<!-- \/ Yoast SEO plugin. -->","yoast_head_json":{"title":"operations - Etat Major Des Arm\u00e9es","robots":{"index":"index","follow":"follow","max-snippet":"max-snippet:-1","max-image-preview":"max-image-preview:large","max-video-preview":"max-video-preview:-1"},"canonical":"https:\/\/mindef.gov.cm\/etat-major-des-armees\/operations\/","og_locale":"fr_FR","og_type":"article","og_title":"operations - Etat Major Des Arm\u00e9es","og_description":"Op\u00e9rations Le G\u00e9n\u00e9ral de Corps d\u2019Arm\u00e9e (GCA\/CEMA) dans ses missions r\u00e9galiennes est le responsable des op\u00e9rations militaires tant \u00e0 l\u2019int\u00e9rieur qu\u2019\u00e0 l\u2019ext\u00e9rieur du territoire national camerounais. A ce titre, il coordonne les activit\u00e9s op\u00e9rationnelles dans les diff\u00e9rents th\u00e9\u00e2tres d\u2019op\u00e9ration. Il s\u2019agit notamment de la stabilisation en cours dans les r\u00e9gions du Nord-ouest et du Sud-ouest [&hellip;]","og_url":"https:\/\/mindef.gov.cm\/etat-major-des-armees\/operations\/","og_site_name":"Etat Major Des Arm\u00e9es","article_modified_time":"2023-08-01T05:09:51+00:00","og_image":[{"url":"http:\/\/mindef.gov.cm\/etat-major-des-armees\/wp-content\/uploads\/sites\/4\/2023\/07\/DSC_9109-1024x683.jpg"}],"twitter_card":"summary_large_image","twitter_misc":{"Dur\u00e9e de lecture estim\u00e9e":"2 minutes"},"schema":{"@context":"https:\/\/schema.org","@graph":[{"@type":"WebPage","@id":"https:\/\/mindef.gov.cm\/etat-major-des-armees\/operations\/","url":"https:\/\/mindef.gov.cm\/etat-major-des-armees\/operations\/","name":"operations - Etat Major Des Arm\u00e9es","isPartOf":{"@id":"https:\/\/mindef.gov.cm\/etat-major-des-armees\/#website"},"primaryImageOfPage":{"@id":"https:\/\/mindef.gov.cm\/etat-major-des-armees\/operations\/#primaryimage"},"image":{"@id":"https:\/\/mindef.gov.cm\/etat-major-des-armees\/operations\/#primaryimage"},"thumbnailUrl":"http:\/\/mindef.gov.cm\/etat-major-des-armees\/wp-content\/uploads\/sites\/4\/2023\/07\/DSC_9109-1024x683.jpg","datePublished":"2023-07-27T11:19:44+00:00","dateModified":"2023-08-01T05:09:51+00:00","breadcrumb":{"@id":"https:\/\/mindef.gov.cm\/etat-major-des-armees\/operations\/#breadcrumb"},"inLanguage":"fr-FR","potentialAction":[{"@type":"ReadAction","target":["https:\/\/mindef.gov.cm\/etat-major-des-armees\/operations\/"]}]},{"@type":"ImageObject","inLanguage":"fr-FR","@id":"https:\/\/mindef.gov.cm\/etat-major-des-armees\/operations\/#primaryimage","url":"https:\/\/mindef.gov.cm\/etat-major-des-armees\/wp-content\/uploads\/sites\/4\/2023\/07\/DSC_9109-scaled.jpg","contentUrl":"https:\/\/mindef.gov.cm\/etat-major-des-armees\/wp-content\/uploads\/sites\/4\/2023\/07\/DSC_9109-scaled.jpg","width":2560,"height":1708},{"@type":"BreadcrumbList","@id":"https:\/\/mindef.gov.cm\/etat-major-des-armees\/operations\/#breadcrumb","itemListElement":[{"@type":"ListItem","position":1,"name":"Home","item":"https:\/\/mindef.gov.cm\/etat-major-des-armees\/accueil\/"},{"@type":"ListItem","position":2,"name":"operations"}]},{"@type":"WebSite","@id":"https:\/\/mindef.gov.cm\/etat-major-des-armees\/#website","url":"https:\/\/mindef.gov.cm\/etat-major-des-armees\/","name":"Etat Major Des Arm\u00e9es","description":"","publisher":{"@id":"https:\/\/mindef.gov.cm\/etat-major-des-armees\/#organization"},"potentialAction":[{"@type":"SearchAction","target":{"@type":"EntryPoint","urlTemplate":"https:\/\/mindef.gov.cm\/etat-major-des-armees\/?s={search_term_string}"},"query-input":"required name=search_term_string"}],"inLanguage":"fr-FR"},{"@type":"Organization","@id":"https:\/\/mindef.gov.cm\/etat-major-des-armees\/#organization","name":"Etat Major Des Arm\u00e9es","url":"https:\/\/mindef.gov.cm\/etat-major-des-armees\/","logo":{"@type":"ImageObject","inLanguage":"fr-FR","@id":"https:\/\/mindef.gov.cm\/etat-major-des-armees\/#\/schema\/logo\/image\/","url":"https:\/\/mindef.gov.cm\/etat-major-des-armees\/wp-content\/uploads\/sites\/4\/2023\/10\/Logo-Mindef-fr.jpg","contentUrl":"https:\/\/mindef.gov.cm\/etat-major-des-armees\/wp-content\/uploads\/sites\/4\/2023\/10\/Logo-Mindef-fr.jpg","width":1324,"height":298,"caption":"Etat Major Des Arm\u00e9es"},"image":{"@id":"https:\/\/mindef.gov.cm\/etat-major-des-armees\/#\/schema\/logo\/image\/"}}]}},"rttpg_featured_image_url":null,"rttpg_author":{"display_name":"ricaldorichard237@gmail.com","author_link":"https:\/\/mindef.gov.cm\/etat-major-des-armees\/author\/ricaldorichard237gmail-com\/"},"rttpg_comment":0,"rttpg_category":"","rttpg_excerpt":"Op\u00e9rations Le G\u00e9n\u00e9ral de Corps d\u2019Arm\u00e9e (GCA\/CEMA) dans ses missions r\u00e9galiennes est le responsable des op\u00e9rations militaires tant \u00e0 l\u2019int\u00e9rieur qu\u2019\u00e0 l\u2019ext\u00e9rieur du territoire national camerounais. A ce titre, il coordonne les activit\u00e9s op\u00e9rationnelles dans les diff\u00e9rents th\u00e9\u00e2tres d\u2019op\u00e9ration. Il s\u2019agit notamment de la stabilisation en cours dans les r\u00e9gions du Nord-ouest et du Sud-ouest\u2026","_links":{"self":[{"href":"https:\/\/mindef.gov.cm\/etat-major-des-armees\/wp-json\/wp\/v2\/pages\/65","targetHints":{"allow":["GET"]}}],"collection":[{"href":"https:\/\/mindef.gov.cm\/etat-major-des-armees\/wp-json\/wp\/v2\/pages"}],"about":[{"href":"https:\/\/mindef.gov.cm\/etat-major-des-armees\/wp-json\/wp\/v2\/types\/page"}],"author":[{"embeddable":true,"href":"https:\/\/mindef.gov.cm\/etat-major-des-armees\/wp-json\/wp\/v2\/users\/1"}],"replies":[{"embeddable":true,"href":"https:\/\/mindef.gov.cm\/etat-major-des-armees\/wp-json\/wp\/v2\/comments?post=65"}],"version-history":[{"count":0,"href":"https:\/\/mindef.gov.cm\/etat-major-des-armees\/wp-json\/wp\/v2\/pages\/65\/revisions"}],"wp:attachment":[{"href":"https:\/\/mindef.gov.cm\/etat-major-des-armees\/wp-json\/wp\/v2\/media?parent=65"}],"curies":[{"name":"wp","href":"https:\/\/api.w.org\/{rel}","templated":true}]}}